s divided by 7.
6
Suppose 3*u - 276 = -i - 33, -5*u = 5*i - 395. What is the remainder when u is divided by 21?
19
Suppose -3*q - 9 - 28 = -4*g, -3*q - 7 = -g. Suppose 0 = 5*l - 0*l - g. Suppose -30 = l*i - 7*i. Calculate the remainder when 9 is divided by i.
3
Let b be 3*(2 + 7/(-3)). What is the remainder when 43 - (-2 - (-2 + b)) is divided by 11?
9
Let j(y) = 7*y**2 + y**2 + 1 + y + y**2 - 3*y. Let t(f) = -3*f**3 - 2*f**2 - 2. Calculate the remainder when t(-2) is divided by j(1).
6
Let h(u) = u**2 + 3*u + 0 + 2*u + 0*u + 4. Calculate the remainder when h(-9) is divided by 21.
19
Suppose -h + 265 = -6*h. Let g be h/(-11) - (-4)/22. Suppose -g*z - 3*o + 75 = 0, 6*o - o = 3*z - 11. What is the remainder when 34 is divided by z?
10
Let u = 167 + -87. Let a = u - 33. Let m = 84 - a. What is the remainder when m is divided by 19?
18
Suppose 2*w - 74 = -394. Let g(n) = -n**3 - 5*n**2 - 4*n + 3. Calculate the remainder when g(-5) is divided by w/(-24) - 2/3.
5
Let y be 2*-1*-1 - 0. Let l(o) = 0*o - 4 + y*o + 3*o. Calculate the remainder when 46 is divided by l(4).
14
Let k(c) = c**2 + c. Let v(h) = 7*h**2 + 23*h + 15. Let b(o) = 6*k(o) - v(o). What is the remainder when 44 is divided by b(-15)?
14
Let b = -8 + 10. Suppose b*z = -u - 0*z + 24, -2*u + 62 = -3*z. What is the remainder when u is divided by 10?
8
Suppose 0 = 4*h + 6 - 74. Calculate the remainder when h is divided by 10.
7
Let l be 4/(-3) + (-4)/6. Let k = 8 + l. Calculate the remainder when -5 + 3 - -19*1 is divided by k.
5
Let l = 15 - 3. What is the remainder when 35 is divided by l?
11
Let r be 3/5 + 172/(-20). Let s = 19 + r. Calculate the remainder when 43 is divided by s.
10
Let s be 4 + -2 + 2 - 7. What is the remainder when 59 is divided by 40/(-2)*s/4?
14
Let j = 23 + -13. Suppose -z = -j - 1. What is the remainder when 40 is divided by z?
7
Let z = -116 + 145. Calculate the remainder when 55 is divided by z.
26
Suppose -3*j + 5*w = -45, -4*w - 15 = -5*j + 4*j. What is the remainder when 86 is divided by j?
11
Suppose 2*r + 7 - 13 = 0. Suppose -5*i + 33 = -4*h, -2*i = i + 4*h - 7. What is the remainder when i is divided by r?
2
Calculate the remainder when (-27)/(-36) - 410/(-8) is divided by 27.
25
Calculate the remainder when 40 is divided by (-4 - (2 + 5))/(-1).
7
Let v = 35 - 10. Let g(c) = 2 - c**2 - 3 + 9*c - 8. What is the remainder when v is divided by g(6)?
7
Let x(i) = 9*i + 6. Let t(z) = -26*z - 17. Let p(y) = 4*t(y) + 11*x(y). What is the remainder when p(-3) is divided by 8?
5
Let l = -9 - -13. Suppose -l*z + 0*z = -336. Calculate the remainder when z is divided by 17.
16
Suppose -9*b = -19 - 8. What is the remainder when ((-15)/2)/(-3)*4 is divided by b?
1
Suppose -2*q + 3*o + 8 = -12, 3*q - 30 = 5*o. Suppose g + i = q, -2*i - 62 = -5*g - i. Suppose -2*l + 66 = l. Calculate the remainder when l is divided by g.
10
Let h = 5 - 4. Let k = 4 - h. What is the remainder when 4 is divided by k?
1
Let j be (-58)/(-12) + (-4)/(-24). Suppose -r - z = -5*z - 20, z + j = 4*r. Calculate the remainder when 68 is divided by r - -2 - 3*-7.
22
Let a be 1 + (1 - 6/(-2)). Suppose -10 = -s - q, -4*q = -4*s + q - a. Calculate the remainder when s is divided by (-3)/2*(0 - 2).
2
Suppose -i + 3*g - 32 = -180, 2*g + 437 = 3*i. What is the remainder when i is divided by 21?
19
Let w(q) = -q**3 - 5*q**2 + 9*q + 1. Let r = 40 - 27. Calculate the remainder when w(-7) is divided by r.
10
Suppose -p - 2*p = -78. Let t = -17 + p. Calculate the remainder when (-8)/(-6)*(-1 - -13) is divided by t.
7
Suppose -9 = -6*a + 9. Suppose 10 = a*p - 14. Calculate the remainder when p is divided by 5.
3
Suppose 4*k - 2*k - 6 = 0. Let x(d) = d**3 + 7*d**2 + 5*d. Let n be x(-6). Suppose 0 = -0*f + k*f - n. Calculate the remainder when f is divided by 1.
0
Let p(l) = -l + 43. What is the remainder when p(13) is divided by 16?
14
Suppose 5*t + 3*y = 132, 6*y - 44 = -t + y. What is the remainder when t is divided by 9?
6
What is the remainder when 4/(-22) + 420/11 is divided by 8?
6
Let z be (-2)/7 - 234/14. Let u = z - -26. What is the remainder when (20/(-8) + 3)*32 is divided by u?
7
Let l(a) = a**3 + 6*a**2 - 9*a + 2. Let x be l(-7). Suppose 0*p + p = t - x, -3*t = -5*p - 52. Calculate the remainder when 26 is divided by t.
12
Suppose 3*i = -3*i. Suppose -22 = -k - i*k. What is the remainder when 64 is divided by k?
20
Let d = -8 + 22. What is the remainder when d is divided by 2*((-15)/10 + 4)?
4
Suppose r = f - 2*r - 8, 54 = 4*f - r. Let l be -4 + 8 - 1/1. Calculate the remainder when 0 + 0 + (l - -37) is divided by f.
12
Let i(k) = -k + 3. Let y be i(0). Suppose q = 8 - y. What is the remainder when q is divided by 3?
2
Let w = 15 + -8. Calculate the remainder when 27 is divided by w.
6
Let g(m) = -6*m + 4. What is the remainder when 44 is divided by g(-2)?
12
Let l be 1*4 - (-6)/3. Let p(o) = -o**2 + 2. Let g be p(0). Suppose -g*j + l*j = 88. Calculate the remainder when j is divided by 12.
10
Let p = 0 + 0. Suppose y + 5*a + 10 = p, 0*a - 7 = 2*y - 3*a. Let x = y + 19. Calculate the remainder when 41 is divided by x.
13
Suppose 2*h + 1355 = 2*y + 3*y, -4*y - 4*h = -1112. Calculate the remainder when y is divided by 46.
43
Suppose 6*s - 281 = 475. Suppose 104 = 4*g + 4*w, -2*g - w = 3*g - s. What is the remainder when g is divided by 14?
11
Let l = -14 + 21. Let o = l - 2. Calculate the remainder when 18 is divided by o.
3
Suppose -d - 2*k = 2*d + 32, -2*d + 3*k = 30. Let m = d + 8. Let h = 4 - m. What is the remainder when 23 is divided by h?
7
Let a(s) = -3*s - 2. Calculate the remainder when 24 is divided by a(-5).
11
What is the remainder when 2/(-4) - (-69)/2 is divided by 12?
10
Let d(k) = k**3 + 6*k**2 - 7*k - 4. Let a be d(-7). What is the remainder when (-2)/(-5) - (-1463)/55 is divided by 17 - -4*2/a?
12
Let g = 21 + 1. Calculate the remainder when 86 is divided by g.
20
Let i = 19 - 14. Suppose 0 = -4*b + 3*j + 24, -i*b + 1 + 24 = -5*j. What is the remainder when b is divided by 6?
3
Let p be (-4)/4*(-1)/(-1). Calculate the remainder when (-8 - -5)/(2/(-18)) is divided by -5*-6*p/(-2).
12
Calculate the remainder when 37*(-1 - (-1 - 2)) is divided by 11.
8
Let i be ((-3)/4)/(1/(-72)). Suppose 4*d = -s + 2*d - 19, 5*d = -5. Let f = i + s. Calculate the remainder when f is divided by 19.
18
Let p(z) = -z**2 - 17*z - 27. Suppose -4*m + 16 = -w + 5*w, -3*w = 0. Calculate the remainder when m is divided by p(-15).
1
Let i = 0 + 3. What is the remainder when (3 + -2)*(i + 0) is divided by 2?
1
Let d(o) = o**2 - 15*o + 17. Let q be d(14). Suppose -4*y = -i + 25, -2*y - q*y = 5*i - 25. Calculate the remainder when i is divided by 6.
3
Suppose -3*w = -2*i - 19, 0 = 3*i - w - 2*w + 33. Let b = 27 + i. What is the remainder when 25 is divided by b?
12
Let p be (16/(-10))/((-8)/20). Suppose t - 3*y - 171 = -2*t, p = y. What is the remainder when t is divided by 16?
13
Let w(s) = -s**2 + 11*s - 11. Let b be w(10). Let k = b - -43. Calculate the remainder when k is divided by 11.
9
What is the remainder when (-544)/(-10) + (-3)/(-5) is divided by 14?
13
Suppose 45 = 3*d - 0*d + 3*z, 4*d = -5*z + 59. Let q(u) = u**3 - 5*u**2 + 5*u + 5. Calculate the remainder when q(5) is divided by d.
14
Let z(f) = -f**3 + 5*f**2 + 6*f + 8. Let i be z(6). Suppose 2*k = -i - 40. Let w = -15 - k. Calculate the remainder when 16 is divided by w.
7
Suppose 21 = -0*y + y. What is the remainder when 38 is divided by y?
17
Suppose 3*x = 7*x + 20, x = -5*w + 100. Let g(j) = -j**3 + 21*j**2 - 15*j - 38. What is the remainder when g(20) is divided by w?
20
Let g(x) = x**2 + 9*x - 1. Let c be g(-10). Suppose -d + c = -2*y, -5*d + 0*y = -2*y - 77. Calculate the remainder when d is divided by 10.
7
Suppose 0 = 4*h - 4*l - 20 - 32, 65 = 5*h - l. Calculate the remainder when 49 is divided by h.
10
Let b(p) = -1 + 10*p - 6*p - 2 + 5*p**2. What is the remainder when 73 is divided by b(2)?
23
Let a = 7 + -5. Suppose a*s - 42 = -s. Calculate the remainder when 27 is divided by s.
13
Let k = 67 - 50. Calculate the remainder when 81 is divided by k.
13
Suppose 31 = -4*d - k + 2*k, -k + 4 = -d. What is the remainder when 60 is divided by (d + 5)/(2/(-8))?
12
Suppose 5*o - 72 = o. Let l = o - -27. Suppose 4*b + 3 + 5 = 0, 4*b - 8 = -c. Ca